{"id":2010,"date":"2015-05-27T08:43:36","date_gmt":"2015-05-27T08:43:36","guid":{"rendered":"http:\/\/eipeldauer.at\/garten\/?page_id=2010"},"modified":"2023-12-18T13:32:12","modified_gmt":"2023-12-18T13:32:12","slug":"service","status":"publish","type":"page","link":"https:\/\/eipeldauer.at\/garten\/service\/","title":{"rendered":"Service"},"content":{"rendered":"<div class=\"one_sixth\">\n<p> <!-- *******************1************************ --><\/p>\n<\/div>\n<div class=\"two_third\">\n<h2>Baumeinreichung<\/h2>\n<p>Wir zeichnen f\u00fcr Sie Pl\u00e4ne und machen Baumerhebungen nach dem Wiener Baumschutzgesetz oder dem Baumkataster nach der \u00d6-Norm. Zus\u00e4tzlich f\u00fchren wir Baumbewertungen (Standfestigkeit und Warenwert\/Entsorgung und Verkehrssicherheit) sowie Baumschnitte und -pflege durch. Wir sind FLL-zertifizierte Baumkontrolleure. S\u00e4mtliche b\u00fcrokratischen Schritte erledigen wir f\u00fcr Sie.<\/p>\n<p>&nbsp;<\/p>\n<hr class=\"divider-dotted\" \/><\/div>\n<div class=\"one_sixth last\"><\/div>\n<div class=\"clear\"><\/div>\n<div class=\"one_sixth\">\n<p> <!-- *******************2************************ --><\/p>\n<\/div>\n<div class=\"two_third\">\n<h2>Einkaufsservice<\/h2>\n<p>Wir erf\u00fcllen die W\u00fcnsche unserer Kunden aus Sicht des Generalunternehmers \u2013 also von der Planung bis zum fertigen Garten inklusive Zubeh\u00f6r. Dabei gestalten wir neben den Bepflanzungen Sitzgelegenheiten, lauschige Verweilzonen, Schwimmteiche, Chill out Pl\u00e4tze, Sonnen-\/Hitzeschutz, automatische Bew\u00e4sserungssysteme u.v.m. <\/p>\n<p>\u2028Unser Ziel ist es, einen Garten so zu gestalten, dass der Gartenfreund darin sein kleines pers\u00f6nliches Paradies sieht und gleichzeitig die Pflegeanspr\u00fcche niedrig sind. <\/p>\n<p>Unsere Beratung basiert auf jahrzehntelanger Erfahrung und wir begleiten Sie gerne bei Ihren Eink\u00e4ufen f\u00fcr Zubeh\u00f6r wie etwa Gartenm\u00f6bel, technisch ausgereifte Garten- oder M\u00e4hmaschinen, Accessoires, Kunstwerke, Beleuchtung etc. \u2028\u2028Wir informieren Sie laufend \u00fcber Neuheiten und Trends im Garten oder Kunst und Beleuchtungskonzepte. Auch in der kargen Jahreszeit l\u00e4sst sich ein Garten als Blickfang gestalten, gibt Sicherheit sowie Geborgenheit und bietet Raumbegrenzung. <\/p>\n<p>Wir freuen uns \u00fcber jede neue Herausforderung: Ihr Garten \u2013 unsere Expertise.<\/p>\n<p>&nbsp;<\/p>\n<p><strong>Beispiel: Terrassen-M\u00f6blierung:<\/strong><\/p>\n<div class=\"fvideo\"><iframe loading=\"lazy\" width=\"350\" height=\"200\" src=\"http:\/\/www.youtube.com\/embed\/EyF-JSWPrFQ?rel=0&#038;wmode=opaque\" frameborder=\"0\"><\/iframe><\/div>\n<p>&nbsp;<\/p>\n<hr class=\"divider-dotted\" \/><\/div>\n<div class=\"one_sixth last\"><\/div>\n<div class=\"clear\"><\/div>\n<div class=\"one_sixth\">\n<p> <!-- *******************3************************ --><\/p>\n<\/div>\n<div class=\"two_third\">\n<h2>Downloads<\/h2>\n<table>\n<tr>\n<td width=\"30%\"><a href=\"https:\/\/eipeldauer.at\/garten\/wp-content\/uploads\/Download-Spezialsortiment.pdf\" target=\"_blank\" rel=\"noopener\"><img decoding=\"async\" src=\"https:\/\/eipeldauer.at\/garten\/wp-content\/themes\/natural\/lib\/timthumb.php?src=https:\/\/eipeldauer.at\/garten\/wp-content\/uploads\/DG-104-0461_IMG1-200x150.jpg&amp;w=132&amp;h=0&amp;zc=1\" alt=\"\" class=\"img\" \/><\/a><\/td>\n<td width=\"70%\" style=\"text-align:left;\"><a href=\"https:\/\/eipeldauer.at\/garten\/wp-content\/uploads\/Download-Spezialsortiment.pdf\" target=\"_blank\" rel=\"noopener\">Spezialsortiment Dachbegr\u00fcnung (PDF 119 KB) <\/a><\/p>\n<p>&nbsp;\n<\/td>\n<\/tr>\n<tr>\n<td width=\"30%\"><a href=\"https:\/\/eipeldauer.at\/garten\/wp-content\/uploads\/Extensive-Dachbegruenung.pdf\" target=\"_blank\" rel=\"noopener\"><img decoding=\"async\" src=\"https:\/\/eipeldauer.at\/garten\/wp-content\/themes\/natural\/lib\/timthumb.php?src=https:\/\/eipeldauer.at\/garten\/wp-content\/uploads\/dachbegruenung-aufbau.jpg&amp;w=132&amp;h=0&amp;zc=1\" alt=\"\" class=\"img\" \/><\/a><\/td>\n<td width=\"70%\" style=\"text-align:left;\"><a href=\"https:\/\/eipeldauer.at\/garten\/wp-content\/uploads\/Extensive-Dachbegruenung.pdf\" target=\"_blank\" rel=\"noopener\">Extensive-Dachbegr\u00fcnung Dachaufbau (PDF 1,1 MB) <\/a><\/td>\n<\/tr>\n<tr>\n<td width=\"30%\"><a href=\"https:\/\/eipeldauer.at\/garten\/wp-content\/uploads\/Fragebogen_Schwimmteich.pdf\" target=\"_blank\" rel=\"noopener\"><img decoding=\"async\" src=\"https:\/\/eipeldauer.at\/garten\/wp-content\/themes\/natural\/lib\/timthumb.php?src=https:\/\/eipeldauer.at\/garten\/wp-content\/uploads\/AQUA-F1000015-200x150.jpg&amp;w=132&amp;h=0&amp;zc=1\" alt=\"\" class=\"img\" \/><\/a><\/td>\n<td width=\"70%\" style=\"text-align:left;\"><a href=\"https:\/\/eipeldauer.at\/garten\/wp-content\/uploads\/Fragebogen_Schwimmteich.pdf\" target=\"_blank\" rel=\"noopener\">Fragebogen Schwimmteich (PDF 111 KB) <\/a><\/td>\n<\/tr>\n<tr>\n<td width=\"30%\"><a href=\"https:\/\/eipeldauer.at\/garten\/wp-content\/uploads\/Zertifizierung-FLL.pdf\" target=\"_blank\" rel=\"noopener\"><img decoding=\"async\" src=\"https:\/\/eipeldauer.at\/garten\/wp-content\/themes\/natural\/lib\/timthumb.php?src=https:\/\/eipeldauer.at\/garten\/wp-content\/uploads\/baumkontrolleur-baumeinreichung.jpg&amp;w=132&amp;h=0&amp;zc=1\" alt=\"\" class=\"img\" \/><\/a><\/td>\n<td width=\"70%\" style=\"text-align:left;\"><a href=\"https:\/\/eipeldauer.at\/garten\/wp-content\/uploads\/Zertifizierung-FLL.pdf\" target=\"_blank\" rel=\"noopener\">FLL-zertifizierter Baumkontrolleur (PDF 111 KB) <\/a><\/td>\n<\/tr>\n<\/table>\n<p>&nbsp;<\/p>\n<hr class=\"divider-dotted\" \/><\/div>\n<div class=\"one_sixth last\"><\/div>\n<div class=\"clear\"><\/div>\n","protected":false},"excerpt":{"rendered":"","protected":false},"author":1,"featured_media":0,"parent":0,"menu_order":0,"comment_status":"closed","ping_status":"closed","template":"","meta":{"footnotes":""},"_links":{"self":[{"href":"https:\/\/eipeldauer.at\/garten\/wp-json\/wp\/v2\/pages\/2010"}],"collection":[{"href":"https:\/\/eipeldauer.at\/garten\/wp-json\/wp\/v2\/pages"}],"about":[{"href":"https:\/\/eipeldauer.at\/garten\/wp-json\/wp\/v2\/types\/page"}],"author":[{"embeddable":true,"href":"https:\/\/eipeldauer.at\/garten\/wp-json\/wp\/v2\/users\/1"}],"replies":[{"embeddable":true,"href":"https:\/\/eipeldauer.at\/garten\/wp-json\/wp\/v2\/comments?post=2010"}],"version-history":[{"count":24,"href":"https:\/\/eipeldauer.at\/garten\/wp-json\/wp\/v2\/pages\/2010\/revisions"}],"predecessor-version":[{"id":2141,"href":"https:\/\/eipeldauer.at\/garten\/wp-json\/wp\/v2\/pages\/2010\/revisions\/2141"}],"wp:attachment":[{"href":"https:\/\/eipeldauer.at\/garten\/wp-json\/wp\/v2\/media?parent=2010"}],"curies":[{"name":"wp","href":"https:\/\/api.w.org\/{rel}","templated":true}]}}