{"id":1625,"date":"2015-01-28T09:45:37","date_gmt":"2015-01-28T09:45:37","guid":{"rendered":"http:\/\/eipeldauer.at\/garten\/?page_id=1625"},"modified":"2023-12-18T13:32:20","modified_gmt":"2023-12-18T13:32:20","slug":"ueber-uns","status":"publish","type":"page","link":"https:\/\/eipeldauer.at\/garten\/ueber-uns\/","title":{"rendered":"\u00dcber uns"},"content":{"rendered":"<p><img loading=\"lazy\" decoding=\"async\" class=\"alignnone size-full wp-image-1905\" src=\"https:\/\/eipeldauer.at\/garten\/wp-content\/uploads\/margariten.jpg\" alt=\"\" width=\"1170\" height=\"400\" \/><\/p>\n<p>&nbsp;<\/p>\n<div class=\"three_fourth\">\n<p>Seit Generationen ist der gr\u00fcne Daumen in der Familie Eipeldauer tonangebend. Wissensdurst, planerisches Talent und Experimentierfreude sind die solide Basis der Eipeldauer\u2019schen Expertise. Dank der Pionierarbeit der Vorfahren greift das Team von Eipeldauer, allen voran Herbert III., auf einen reichen Schatz an Erfahrung zur\u00fcck. Viele von den gestalteten G\u00e4rten und Gartenanlagen sprechen daher die Sprache passionierter Eipeldauer\u2019scher Gestaltung.<\/p>\n<p>&nbsp;<\/p>\n<hr class=\"divider-dotted\" \/><\/div>\n<div class=\"one_fourth last\"><\/div>\n<div class=\"clear\"><\/div>\n<h2>Historie<\/h2>\n<div class=\"three_fourth\">\n<p>Seit 1992 ist Ing. Herbert Eipeldauer III., Innungsmeister der Wiener Innung f\u00fcr G\u00e4rtner und Floristen, Gesch\u00e4ftsf\u00fchrer der Firma. Er studierte Raumplanung und liebte ausgedehnte Reisen. Die Reisefreude nutze der junge Mann, sich G\u00e4rten auf der ganzen Welt anzusehen und deren teils komplexe Strukturen zu studieren. Er verbrachte ein halbes Jahr in Japan, um beim ber\u00fchmten Prof. Kinsaku Nakane an dessen Nakane Garden Research Institute seine Gartenstudien zu vertiefen.<\/p>\n<p>Gut ger\u00fcstet und ausgebildet gr\u00fcndete Herbert III. danach mehrere kleine Unternehmen f\u00fcr Gartengestaltung sowie die AquaConsult GmbH f\u00fcr Bew\u00e4sserungssysteme und das Eipeldauer\u2013Gr\u00fcnplanungsteam. Mit der \u00dcbernahme des elterlichen Betriebes (1992) f\u00fchrte er schlie\u00dflich alle Sparten zusammen in die Rechtsform einer GmbH. Herbert Eipeldauer ist Pr\u00e4sident der \u00d6sterreichischen Gartenbau-Gesellschaft (<a href=\"http:\/\/www.oegg.or.at\/\" target=\"_blank\" rel=\"noopener\">\u00d6GG<\/a>), Mitlgied der European Landscape Contractors Association (<a href=\"http:\/\/www.elca.info\/\" target=\"_blank\" rel=\"noopener\">ELCA<\/a>), Vorstandmitglied im \u00f6sterreichischen Verband f\u00fcr Bauwerksbegr\u00fcnung (VFB) und Mitglied im Auftragnehmerkataster \u00d6sterreich (<a href=\"https:\/\/www.ankoe.at\/\" target=\"_blank\" rel=\"noopener\">ANK\u00d6<\/a>).<\/p>\n<p>&nbsp;<\/p>\n<hr class=\"divider-dotted\" \/><\/div>\n<div class=\"one_fourth last\">\n<p><img decoding=\"async\" src=\"https:\/\/eipeldauer.at\/garten\/wp-content\/themes\/natural\/lib\/timthumb.php?src=https:\/\/eipeldauer.at\/garten\/wp-content\/uploads\/herbert-IMG_3874.jpg&amp;w=132&amp;h=162&amp;zc=1\" alt=\"\" class=\"img alignundefined\" \/><br \/>\nIng. Herbert Eipeldauer III.<\/p>\n<\/div>\n<div class=\"clear\"><\/div>\n<div class=\"one_sixth\">\n<p><img decoding=\"async\" src=\"https:\/\/eipeldauer.at\/garten\/wp-content\/themes\/natural\/lib\/timthumb.php?src=https:\/\/eipeldauer.at\/garten\/wp-content\/uploads\/anton-eipeldauer.jpg&amp;w=132&amp;h=162&amp;zc=1\" alt=\"\" class=\"img alignundefined\" \/><br \/>\nProf. Anton Eipeldauer<\/p>\n<\/div>\n<div class=\"two_third\">\n<h2>Drei Generationen Talente<\/h2>\n<p>Alles fing mit Prof. Anton Eipeldauer (1893\u20131977) in der Zwischenkriegszeit an. Anton war ein sehr experimentierfreudiger, junger Mann, erforschte die Pflanzen genau und errechnete Fl\u00e4chenertr\u00e4ge. Je Familienmitglied wurde eine bestimmte Fl\u00e4che gebraucht, um bei geschickter Nutzung der Gartenfl\u00e4che die Familie mit Selbstgez\u00fcchtetem zu versorgen. Ein wichtiges Thema in Zeiten von Mangel und Zerst\u00f6rung. Anleitungen, Tipps zur Gartenpflege, Gem\u00fcse-Anbau und Ertragsgewinnung publizierte er in Zeitschriften und B\u00fcchern.<\/p>\n<p>Sein Buch wird heute als Rarit\u00e4t gehandelt:<br \/>\n<a href=\"https:\/\/eipeldauer.at\/garten\/wp-content\/uploads\/1000-Gartenfragen-xl.jpg\" rel=\"prettyPhoto\">\u201e1000 Gartenfragen beantwortet\u201c<\/a><\/p>\n<p>Dort zu finden waren Kalendarien f\u00fcr die Aussaat, welche Sorten zur Saison passten und zunehmend auch Dekorpflanzen- und Veredelungs-Ratgeber. Der Volksbildner, Redakteur und Buchautor begr\u00fcndete die G\u00e4rtnerlehrlingsschule in Kagran mit und war etliche Jahre deren Direktor. In den 60iger Jahren produzierte Prof. Eipeldauer die TV-Sendung \u201eDer Blumendoktor\u201c und gab die Gartenzeitungen \u201eNach der Arbeit\u201c, \u201eDie Scholle\u201c und sp\u00e4ter \u201eEipeldauers Gartenmagazin\u201c heraus. Aus diesen und zwei Publikationen ist das Magazin \u201eGarten + Haus\u201c entstanden. Mitherausgeber ist die \u00d6sterreichische Gartenbaugesellschaft (\u00d6GG), deren Pr\u00e4sident Herbert Eipeldauer III ist.<\/p>\n<p>&nbsp;<\/p>\n<hr class=\"divider-dotted\" \/><\/div>\n<div class=\"one_sixth last\"><\/div>\n<div class=\"clear\"><\/div>\n<h2>Wie der Vater . . .<\/h2>\n<div class=\"three_fourth\">\n<p>Gepr\u00e4gt von der Pionierarbeit stieg \u00d6k.-Rat Prof. Herbert Eipeldauer Sen. in die Fu\u00dfstapfen seines Vaters. Er absolvierte die Gartenbauschule in Klosterneuburg und baute mit viel Flei\u00df, Umsicht und Arbeit das Unternehmen auf. Mehrere Standbeine sollten das Unterfangen st\u00fctzen, so wurde 1953 die Baumschule angepflanzt, 1955 die Gartengestaltung dazugenommen und Blumenerde produziert. Bilder eins kleinen Garencenters in Hietzing f\u00fcr B\u00e4ume, Str\u00e4ucher, Stauden und Rosen sowie Obstb\u00e4umen und Gartenzubeh\u00f6r sind stumme Zeugen der hingebungsvollen Arbeit. Auch noch lange nach der \u00dcbernahme von Herbert III. stand Prof. Eipeldauer Sen. seinem Sohn zur Seite.<\/p>\n<p>&nbsp;<\/p>\n<p>&nbsp;<\/p>\n<hr class=\"divider-dotted\" \/><\/div>\n<div class=\"one_fourth last\">\n<p><img decoding=\"async\" src=\"https:\/\/eipeldauer.at\/garten\/wp-content\/themes\/natural\/lib\/timthumb.php?src=https:\/\/eipeldauer.at\/garten\/wp-content\/uploads\/papa-eipeldauer-sen.jpg&amp;w=132&amp;h=162&amp;zc=1\" alt=\"\" class=\"img alignundefined\" \/><br \/>\n\u00d6k.-Rat Prof. Herbert Eipeldauer Sen.<\/p>\n<\/div>\n<div class=\"clear\"><\/div>\n<h2>PHILOSOPHIE\/VISION<\/h2>\n<div class=\"three_fourth\">\n<p>Unser Ziel ist es, einen Garten so zu gestalten, dass der Besitzer gar nicht mehr in den Urlaub fahren m\u00f6chte, weil er seinen eigenen Garten als Paradies empfindet. Gleichzeitig sollen die Pflegeanspr\u00fcche niedrig sein. Erreicht wird dieses Ziel, durch die Auswahl der Pflanzen und des passenden Zubeh\u00f6rs. Das Kundengespr\u00e4ch steht im Vordergrund. Mit viel Feingef\u00fchl und Jahrzehntelanger Erfahrung ersp\u00fcren und erfragen wir, wovon der Gartenbesitzer tr\u00e4umt. Danach wird mit ge\u00fcbtem Auge das Gartengel\u00e4nde gepr\u00fcft. Alle G\u00e4rten sind nach dem Feng-Shui-Prinzip (= die Harmonisierung des Menschen mit seiner Umgebung) ausgerichtet sowie nach geomantischen Kriterien geplant.<\/p>\n<p>Wir freuen uns, wenn wir unsere G\u00e4rten wachsen sehen, k\u00f6nnen dennoch jederzeit korrigierend oder pflegend eingreifen. Ver\u00e4nderungsw\u00fcnsche sind eine wunderbare Herausforderung, gilt es doch sanft zu integrieren. Wir suchen permanent nach neuen Trends f\u00fcr unsere Kunden: Etwa Lichtkonzepte bieten ein breites Spektrum an M\u00f6glichkeiten, den Garten auch im kargen Winter zum Blickfang zu machen. Kunstwerke verm\u00f6gen einem Garten exotischen Charme jedweder Herkunft zu verleihen.<\/p>\n<p>Schlie\u00dflich soll aus jedem Kunden langfristig ein Garten-\/Freund werden, mit dem wir fachsimpeln und \u00fcber Neuheiten plaudern.<\/p>\n<\/div>\n<div class=\"one_fourth last\">\n<p>PS: Wussten Sie, dass alles, was nach 1492 an Pflanzen eingef\u00fchrt wurde, nicht mehr als heimisch gilt?<\/p>\n<\/div>\n<div class=\"clear\"><\/div>\n<p>&nbsp;<\/p>\n<p>&nbsp;<\/p>\n","protected":false},"excerpt":{"rendered":"<p>&nbsp; &nbsp; &nbsp;<\/p>\n","protected":false},"author":1,"featured_media":0,"parent":0,"menu_order":0,"comment_status":"closed","ping_status":"closed","template":"","meta":{"footnotes":""},"_links":{"self":[{"href":"https:\/\/eipeldauer.at\/garten\/wp-json\/wp\/v2\/pages\/1625"}],"collection":[{"href":"https:\/\/eipeldauer.at\/garten\/wp-json\/wp\/v2\/pages"}],"about":[{"href":"https:\/\/eipeldauer.at\/garten\/wp-json\/wp\/v2\/types\/page"}],"author":[{"embeddable":true,"href":"https:\/\/eipeldauer.at\/garten\/wp-json\/wp\/v2\/users\/1"}],"replies":[{"embeddable":true,"href":"https:\/\/eipeldauer.at\/garten\/wp-json\/wp\/v2\/comments?post=1625"}],"version-history":[{"count":65,"href":"https:\/\/eipeldauer.at\/garten\/wp-json\/wp\/v2\/pages\/1625\/revisions"}],"predecessor-version":[{"id":2142,"href":"https:\/\/eipeldauer.at\/garten\/wp-json\/wp\/v2\/pages\/1625\/revisions\/2142"}],"wp:attachment":[{"href":"https:\/\/eipeldauer.at\/garten\/wp-json\/wp\/v2\/media?parent=1625"}],"curies":[{"name":"wp","href":"https:\/\/api.w.org\/{rel}","templated":true}]}}

Über uns

<p><img loading="lazy" decoding="async" class="alignnone size-full wp-image-1905" src="https://eipeldauer.at/garten/wp-content/uploads/margariten.jpg" alt="" width="1170" height="400" /></p>
<p>&nbsp;</p>
<div class="three_fourth">
<p>Seit Generationen ist der grüne Daumen in der Familie Eipeldauer tonangebend. Wissensdurst, planerisches Talent und Experimentierfreude sind die solide Basis der Eipeldauer’schen Expertise. Dank der Pionierarbeit der Vorfahren greift das Team von Eipeldauer, allen voran Herbert III., auf einen reichen Schatz an Erfahrung zurück. Viele von den gestalteten Gärten und Gartenanlagen sprechen daher die Sprache passionierter Eipeldauer’scher Gestaltung.</p>
<p>&nbsp;</p>
<hr class="divider-dotted" /></div>
<div class="one_fourth last"></div>
<div class="clear"></div>
<h2>Historie</h2>
<div class="three_fourth">
<p>Seit 1992 ist Ing. Herbert Eipeldauer III., Innungsmeister der Wiener Innung für Gärtner und Floristen, Geschäftsführer der Firma. Er studierte Raumplanung und liebte ausgedehnte Reisen. Die Reisefreude nutze der junge Mann, sich Gärten auf der ganzen Welt anzusehen und deren teils komplexe Strukturen zu studieren. Er verbrachte ein halbes Jahr in Japan, um beim berühmten Prof. Kinsaku Nakane an dessen Nakane Garden Research Institute seine Gartenstudien zu vertiefen.</p>
<p>Gut gerüstet und ausgebildet gründete Herbert III. danach mehrere kleine Unternehmen für Gartengestaltung sowie die AquaConsult GmbH für Bewässerungssysteme und das Eipeldauer–Grünplanungsteam. Mit der Übernahme des elterlichen Betriebes (1992) führte er schließlich alle Sparten zusammen in die Rechtsform einer GmbH. Herbert Eipeldauer ist Präsident der Österreichischen Gartenbau-Gesellschaft (<a href="http://www.oegg.or.at/" target="_blank" rel="noopener">ÖGG</a>), Mitlgied der European Landscape Contractors Association (<a href="http://www.elca.info/" target="_blank" rel="noopener">ELCA</a>), Vorstandmitglied im österreichischen Verband für Bauwerksbegrünung (VFB) und Mitglied im Auftragnehmerkataster Österreich (<a href="https://www.ankoe.at/" target="_blank" rel="noopener">ANKÖ</a>).</p>
<p>&nbsp;</p>
<hr class="divider-dotted" /></div>
<div class="one_fourth last">
<p><img decoding="async" src="https://eipeldauer.at/garten/wp-content/themes/natural/lib/timthumb.php?src=https://eipeldauer.at/garten/wp-content/uploads/herbert-IMG_3874.jpg&amp;w=132&amp;h=162&amp;zc=1" alt="" class="img alignundefined" /><br />
Ing. Herbert Eipeldauer III.</p>
</div>
<div class="clear"></div>
<div class="one_sixth">
<p><img decoding="async" src="https://eipeldauer.at/garten/wp-content/themes/natural/lib/timthumb.php?src=https://eipeldauer.at/garten/wp-content/uploads/anton-eipeldauer.jpg&amp;w=132&amp;h=162&amp;zc=1" alt="" class="img alignundefined" /><br />
Prof. Anton Eipeldauer</p>
</div>
<div class="two_third">
<h2>Drei Generationen Talente</h2>
<p>Alles fing mit Prof. Anton Eipeldauer (1893–1977) in der Zwischenkriegszeit an. Anton war ein sehr experimentierfreudiger, junger Mann, erforschte die Pflanzen genau und errechnete Flächenerträge. Je Familienmitglied wurde eine bestimmte Fläche gebraucht, um bei geschickter Nutzung der Gartenfläche die Familie mit Selbstgezüchtetem zu versorgen. Ein wichtiges Thema in Zeiten von Mangel und Zerstörung. Anleitungen, Tipps zur Gartenpflege, Gemüse-Anbau und Ertragsgewinnung publizierte er in Zeitschriften und Büchern.</p>
<p>Sein Buch wird heute als Rarität gehandelt:<br />
<a href="https://eipeldauer.at/garten/wp-content/uploads/1000-Gartenfragen-xl.jpg" rel="prettyPhoto">„1000 Gartenfragen beantwortet“</a></p>
<p>Dort zu finden waren Kalendarien für die Aussaat, welche Sorten zur Saison passten und zunehmend auch Dekorpflanzen- und Veredelungs-Ratgeber. Der Volksbildner, Redakteur und Buchautor begründete die Gärtnerlehrlingsschule in Kagran mit und war etliche Jahre deren Direktor. In den 60iger Jahren produzierte Prof. Eipeldauer die TV-Sendung „Der Blumendoktor“ und gab die Gartenzeitungen „Nach der Arbeit“, „Die Scholle“ und später „Eipeldauers Gartenmagazin“ heraus. Aus diesen und zwei Publikationen ist das Magazin „Garten + Haus“ entstanden. Mitherausgeber ist die Österreichische Gartenbaugesellschaft (ÖGG), deren Präsident Herbert Eipeldauer III ist.</p>
<p>&nbsp;</p>
<hr class="divider-dotted" /></div>
<div class="one_sixth last"></div>
<div class="clear"></div>
<h2>Wie der Vater . . .</h2>
<div class="three_fourth">
<p>Geprägt von der Pionierarbeit stieg Ök.-Rat Prof. Herbert Eipeldauer Sen. in die Fußstapfen seines Vaters. Er absolvierte die Gartenbauschule in Klosterneuburg und baute mit viel Fleiß, Umsicht und Arbeit das Unternehmen auf. Mehrere Standbeine sollten das Unterfangen stützen, so wurde 1953 die Baumschule angepflanzt, 1955 die Gartengestaltung dazugenommen und Blumenerde produziert. Bilder eins kleinen Garencenters in Hietzing für Bäume, Sträucher, Stauden und Rosen sowie Obstbäumen und Gartenzubehör sind stumme Zeugen der hingebungsvollen Arbeit. Auch noch lange nach der Übernahme von Herbert III. stand Prof. Eipeldauer Sen. seinem Sohn zur Seite.</p>
<p>&nbsp;</p>
<p>&nbsp;</p>
<hr class="divider-dotted" /></div>
<div class="one_fourth last">
<p><img decoding="async" src="https://eipeldauer.at/garten/wp-content/themes/natural/lib/timthumb.php?src=https://eipeldauer.at/garten/wp-content/uploads/papa-eipeldauer-sen.jpg&amp;w=132&amp;h=162&amp;zc=1" alt="" class="img alignundefined" /><br />
Ök.-Rat Prof. Herbert Eipeldauer Sen.</p>
</div>
<div class="clear"></div>
<h2>PHILOSOPHIE/VISION</h2>
<div class="three_fourth">
<p>Unser Ziel ist es, einen Garten so zu gestalten, dass der Besitzer gar nicht mehr in den Urlaub fahren möchte, weil er seinen eigenen Garten als Paradies empfindet. Gleichzeitig sollen die Pflegeansprüche niedrig sein. Erreicht wird dieses Ziel, durch die Auswahl der Pflanzen und des passenden Zubehörs. Das Kundengespräch steht im Vordergrund. Mit viel Feingefühl und Jahrzehntelanger Erfahrung erspüren und erfragen wir, wovon der Gartenbesitzer träumt. Danach wird mit geübtem Auge das Gartengelände geprüft. Alle Gärten sind nach dem Feng-Shui-Prinzip (= die Harmonisierung des Menschen mit seiner Umgebung) ausgerichtet sowie nach geomantischen Kriterien geplant.</p>
<p>Wir freuen uns, wenn wir unsere Gärten wachsen sehen, können dennoch jederzeit korrigierend oder pflegend eingreifen. Veränderungswünsche sind eine wunderbare Herausforderung, gilt es doch sanft zu integrieren. Wir suchen permanent nach neuen Trends für unsere Kunden: Etwa Lichtkonzepte bieten ein breites Spektrum an Möglichkeiten, den Garten auch im kargen Winter zum Blickfang zu machen. Kunstwerke vermögen einem Garten exotischen Charme jedweder Herkunft zu verleihen.</p>
<p>Schließlich soll aus jedem Kunden langfristig ein Garten-/Freund werden, mit dem wir fachsimpeln und über Neuheiten plaudern.</p>
</div>
<div class="one_fourth last">
<p>PS: Wussten Sie, dass alles, was nach 1492 an Pflanzen eingeführt wurde, nicht mehr als heimisch gilt?</p>
</div>
<div class="clear"></div>
<p>&nbsp;</p>
<p>&nbsp;</p>
